20. Calculate the highest common divisor of g and i.
11
Let z = 838 + -434. Let h = z - 32. What is the highest common divisor of 31 and h?
31
Let t be (2 - 1)*-3 - (-1 + 10). Let y be 30/t*2 + 292. Calculate the highest common divisor of y and 41.
41
Suppose 5*c = 3*k - 6631, 0 = -18*k + 17*k - 6*c + 2218. What is the highest common factor of 7268 and k?
316
Let o be (-13 + (-46172)/196)/(34/(-28) + 1). What is the highest common factor of o and 160?
40
Suppose -3*t + 180 = -2*u - 118, -2*u = 4. Let v(m) = -13*m + 405. Let l be v(31). What is the greatest common divisor of l and t?
2
Suppose 24*t + 2990 = 12590. Suppose -t = 16*i - 21*i. What is the greatest common factor of 10 and i?
10
Let i(r) = 701*r**2 - 12*r + 9. Let d be i(2). Suppose 4187 + d = 8*m. Calculate the highest common divisor of 8 and m.
8
Let n = -2 + 6. Suppose 4*f = 5*f - 4*r + 6, 0 = 2*f - n*r. Let g(y) = 18*y**2 + 663*y + 663. Let h be g(-1). What is the highest common divisor of f and h?
6
Let y(h) = -1209*h + 3565. Let j be y(-41). What is the highest common divisor of j and 62?
62
Suppose -21*d = d - 66. Let l be (1 + d)/(6 - 64/12). What is the greatest common factor of l and 12?
6
Let d be (-1)/(-2)*(1 + -1). Let y(j) = 1 + j - 249*j**3 - 251*j**3 + 2*j**2 + 499*j**3. Let f be y(d). What is the greatest common divisor of f and 9?
1
Let p be (2/(-8))/((-12)/(-16)) - 6200/(-150). Calculate the greatest common factor of p and 2624.
41
Suppose 2004*f - 594 = 2001*f. Calculate the greatest common factor of 286 and f.
22
Suppose 25*a = 20*a + 75. Suppose 0 = a*q - 22*q + 875. Suppose -2*z = -z - 50. What is the highest common divisor of z and q?
25
Suppose 0 = 4*v + p - 44, -3*v - 17 = -p - 57. Suppose -3*a + 1293 = 2*h, 233 + 1682 = 3*h + a. Calculate the highest common factor of v and h.
12
Suppose -3*y + 0*y = -48. Let l be 7*(-258)/30*5. Let h = l - -305. What is the greatest common factor of y and h?
4
Suppose 0 = -2866*v + 2991*v - 2500. Let h = 41 + 279. What is the greatest common factor of h and v?
20
Let s be 336/(-20)*(-1155)/66. Suppose 0 = 12*g - 165 - 3. Calculate the highest common factor of s and g.
14
Let d be (2 - 3 - 0)/(-1). Let o(a) = 357*a - 1. Let l be o(d). What is the greatest common factor of 4 and l?
4
Let s(t) = -2*t**2 - 4*t + 41. Let w be s(8). Let l be ((-2)/(-28)*4)/((-17)/w). What is the greatest common divisor of l and 8?
2
Suppose 12 = -0*u - 2*u. Let t be (-2)/(-3)*(-333)/u. Suppose t = -h + 89. Calculate the highest common divisor of h and 13.
13
Suppose 18420 = 3*d - 2*p, 28*d + 24560 = 32*d - 4*p. Calculate the highest common factor of d and 20.
20
Let d = 252 + -250. Suppose -d*u + 2022 = 24*l - 21*l, 0 = 2*l + 4*u - 1340. What is the greatest common factor of l and 13?
13
Let w(s) = -228*s - 468. Let q be w(-3). Let v = 364 + -202. Calculate the greatest common divisor of v and q.
54
Let m(t) = 265*t**2. Let p be m(2). Let k be ((-516)/144 + 8)/(511/84 - 6). What is the greatest common divisor of k and p?
53
Suppose -59*u + 8246 = 1638. Let m be 0 + 5 - (-4)/(-4). Suppose m*w - 80 = -w. Calculate the highest common factor of w and u.
16
Suppose 0 = 5*f + v - 86771, -138844 = -8*f - 247*v + 248*v. Calculate the greatest common divisor of f and 390.
195
Let h be (-308)/70*(-10)/4. Let l(x) = -6 + 1 - 18*x + 5*x. Let n be l(-8). Calculate the highest common divisor of h and n.
11
Let w be 7/(-2)*(2 - 54/21). Let i be w/((-38)/(-283)) + (-22)/(-209). Let r be (15/2)/(2/32). Calculate the highest common factor of r and i.
15
Suppose 0 = -44*a + 48*a - 1204. Let m = a + -284. Calculate the greatest common divisor of 153 and m.
17
Let p = -21393 - -26234. What is the greatest common divisor of 1339 and p?
103
Suppose -345 = -6*o - 141. Suppose -31*j + o*j = 15. Suppose -6 = -j*g + 9. What is the greatest common factor of 27 and g?
3
Let w = -6264 + 6271. What is the highest common factor of 1393 and w?
7
Suppose -2*q + 325 = 2*q + j, -4*j - 176 = -2*q. Let z = q + -90. Let m be 6/z + (-886)/(-8). Calculate the highest common factor of 10 and m.
10
Let n(d) = 9*d**3 - 2*d**2 + 12*d - 148. Let s be n(8). What is the highest common divisor of 108 and s?
108
Let n be (2/(-4))/(1/(-8)). Let l be (-6 + 3)/((-8)/16). Let z be (12 - l) + (-4 - 0). What is the highest common divisor of z and n?
2
Let s = -179 + 192. Let i(j) = j**2 - 19*j + 31. Let q be i(18). Calculate the highest common divisor of q and s.
13
Let d(q) = -q**2 + 3*q + 1. Suppose -p + 206 = p. Let u = p + -100. Let m be d(u). Calculate the greatest common factor of 4 and m.
1
Let f be 36 + 4 - -2 - 4. Suppose 0 = -2*x + 124 - f. Let g = x - 17. What is the greatest common divisor of g and 234?
26
Suppose 5*l = 4*l + 2*c + 40, 111 = 3*l - 3*c. Let k = -547 - -1091. What is the highest common divisor of l and k?
34
Let i be (-9)/15 - (-79)/115 - 1067511/(-4623). Calculate the highest common factor of 357 and i.
21
Let j(l) = -10 - 18 - 4*l**2 + 22 + 9*l + 5*l**3. Let i be j(3). Calculate the highest common factor of i and 40.
40
Let q be 13/91*7*32. Calculate the greatest common factor of 13 and q.
1
Suppose -27*y + 96 = -25*y. Suppose 80 = x - 5*u, x + 5*u = 22 + 18. Suppose 4*z - 2*p = x, -z + 0 = 2*p - 20. What is the greatest common factor of z and y?
16
Suppose -19*j - 19*j - 210168 + 1601652 = 0. What is the greatest common divisor of j and 102?
102
Let l be (-15)/20 + 201609/524. What is the highest common divisor of l and 372?
12
Let w = 14 - 10. Let b be w/6 + (-1568)/84. Let c = 29 + b. Calculate the highest common divisor of 99 and c.
11
Suppose 51*i + 8*i - 236 = 0. What is the highest common divisor of i and 4?
4
Let l(k) = -10*k - 76. Let n be l(-8). Suppose n*f = d, 6 + 5 = 4*d - 5*f. Suppose -d*m = -m - 12. What is the greatest common factor of 12 and m?
4
Let r(i) = 50*i**2 + 22*i + 2. Let s be r(-4). Let g = s + -270. Calculate the greatest common factor of 12 and g.
12
Suppose -368*r = -91*r - 8864. Let f be 1 + 5/((-5)/(-3)). Suppose 0 = -5*h + m + 4*m + 20, f*h + 3*m = 44. What is the greatest common divisor of r and h?
8
Let y be (-3 - 0)/((-377455)/94354 - -4). Calculate the highest common divisor of y and 418.
38
Let f be 5 + -2 + 4/(-3 - -1). Let x be f - -46 - (7 + 0 + -5). Suppose -10 = -11*y + x. What is the greatest common divisor of y and 55?
5
Suppose 0 = -a + 5, 4*t + 6*a - 198 = 4*a. Suppose t = -16*b + 17*b. Suppose d = -0*d + 188. Calculate the greatest common factor of d and b.
47
Let l = -25050 + 28835. What is the greatest common divisor of 10 and l?
5
Suppose 54*w - 110*w + 15904 = 0. What is the greatest common divisor of 1207 and w?
71
Suppose -15 = 5*n, 4*j + 4*n = -113 - 43. Let x be 8/j - (2 + (-992)/9). Let o = 17 - 5. What is the greatest common divisor of x and o?
12
Suppose -a + 16 = -8. Suppose x + a = 64. What is the greatest common divisor of x and 140?
20
Let o(g) = g**3 - g - 1. Let q be o(3). Let z(t) = 32*t + 10. Let s be z(18). Suppose 0 = 9*a - s - 1277. Calculate the greatest common factor of q and a.
23
Let v be ((-2)/8)/((-114)/3192). Calculate the greatest common factor of 36 and v.
1
Let j(g) = -10*g**3 - 4*g**2 - 3*g - 33. Let c be j(-4). Let f = c + -297. Calculate the highest common divisor of 6 and f.
6
Suppose 2*m + 114 = 3*m - 4*n, 3*n - 9 = 0. Let h = -176096 - -176124. Calculate the highest common divisor of m and h.
14
Let h(v) = -v**3 + 22*v**2 + 25*v - 10. Let z be h(25). Let a be z/(-21)*(1 - -7). What is the highest common factor of a and 12?
12
Let p(f) = -f**3 - f - f**2 + 0 - 6 - 1. Let s be p(-4). Suppose 7*k + 3 = s. Calculate the greatest common divisor of 24 and k.
6
Let b be (1*1/(-2))/(200/(-2306400)). What is the highest common divisor of 24 and b?
6
Let g = -7981 - -8180. Calculate the highest common factor of 10547 and g.
199
Let y(b) = 2 + 18*b + 8*b**2 + 2*b**2 - 2*b**2 - 20 + 12*b. Let j be y(-6). What is the highest common divisor of 72 and j?
18
Let x = -58 + 63. Suppose 3*l = n + l + 1, -x*n + 21 = 3*l. Suppose -n*p + 0*a = -a - 32, 2*p + 5*a = 44. Calculate the highest common divisor of 18 and p.
6
Suppose -31*v = -19*v - 360. What is the greatest common factor of 762 and v?
6
Suppose -4*m - n + 80 = -33, 0 = 5*m - n - 148. Let t be (6/12)/(2/332). Let o = t - 25. Calculate the highes